{"id":248,"date":"2026-03-05T16:58:32","date_gmt":"2026-03-05T15:58:32","guid":{"rendered":"https:\/\/evolvecompetences.fr\/?page_id=248"},"modified":"2026-03-05T17:12:56","modified_gmt":"2026-03-05T16:12:56","slug":"notre-methode","status":"publish","type":"page","link":"https:\/\/evolvecompetences.fr\/index.php\/notre-methode\/","title":{"rendered":"Notre Methode"},"content":{"rendered":"\n<p><\/p>\n\n\n\n<div class=\"wp-block-uagb-container uagb-block-vnq2nyaq alignfull uagb-is-root-container\"><div class=\"uagb-container-inner-blocks-wrap\">\n<div class=\"wp-block-uagb-container uagb-block-prmuygyz\">\n<div class=\"wp-block-uagb-info-box uagb-block-bd9yv4dt uagb-infobox__content-wrap  uagb-infobox-icon-above-title uagb-infobox-image-valign-top\"><div class=\"uagb-ifb-content\"><div class=\"uagb-ifb-title-wrap\"><h2 class=\"uagb-ifb-title\">M\u00e9thode en 4 \u00e9tapes<\/h2><\/div><\/div><\/div>\n\n\n\n<div class=\"wp-block-uagb-info-box uagb-block-2ihvpj8l uagb-infobox__content-wrap  uagb-infobox-icon-above-title uagb-infobox-image-valign-top\"><div class=\"uagb-ifb-content\"><div class=\"uagb-ifb-title-wrap\"><\/div><p class=\"uagb-ifb-desc\">Diagnostic terrain, analyse des pratiques, plan d\u2019action personnalis\u00e9 puis accompagnement et suivi : notre m\u00e9thode garantit des interventions cibl\u00e9es, concr\u00e8tes et adapt\u00e9es aux enjeux r\u00e9els du point de vente.<\/p><\/div><\/div>\n<\/div>\n\n\n\n<div class=\"wp-block-uagb-image alignleft uagb-block-6aztunox wp-block-uagb-image--layout-default wp-block-uagb-image--effect-static wp-block-uagb-image--align-left\"><figure class=\"wp-block-uagb-image__figure\"><img decoding=\"async\" srcset=\"https:\/\/evolvecompetences.fr\/wp-content\/uploads\/2026\/03\/ChatGPT-Image-5-mars-2026-16_49_20-1024x683.png ,https:\/\/evolvecompetences.fr\/wp-content\/uploads\/2026\/03\/ChatGPT-Image-5-mars-2026-16_49_20.png 780w, https:\/\/evolvecompetences.fr\/wp-content\/uploads\/2026\/03\/ChatGPT-Image-5-mars-2026-16_49_20.png 360w\" sizes=\"auto, (max-width: 480px) 150px\" src=\"https:\/\/evolvecompetences.fr\/wp-content\/uploads\/2026\/03\/ChatGPT-Image-5-mars-2026-16_49_20-1024x683.png\" alt=\"\" class=\"uag-image-249\" width=\"1200\" height=\"683\" title=\"ChatGPT Image 5 mars 2026, 16_49_20\" loading=\"lazy\" role=\"img\"\/><\/figure><\/div>\n\n\n\n<div class=\"wp-block-uagb-container uagb-block-hycrtvv0\">\n<div class=\"wp-block-uagb-info-box uagb-block-oalqvuxz uagb-infobox__content-wrap  uagb-infobox-icon-above-title uagb-infobox-image-valign-top\"><div class=\"uagb-ifb-content\"><div class=\"uagb-ifb-icon-wrap\"><svg xmlns=\"https:\/\/www.w3.org\/2000\/svg\" viewBox=\"0 0 448 512\"><path d=\"M438.6 105.4C451.1 117.9 451.1 138.1 438.6 150.6L182.6 406.6C170.1 419.1 149.9 419.1 137.4 406.6L9.372 278.6C-3.124 266.1-3.124 245.9 9.372 233.4C21.87 220.9 42.13 220.9 54.63 233.4L159.1 338.7L393.4 105.4C405.9 92.88 426.1 92.88 438.6 105.4H438.6z\"><\/path><\/svg><\/div><div class=\"uagb-ifb-title-wrap\"><h3 class=\"uagb-ifb-title\">Diagnostic terrain<\/h3><\/div><p class=\"uagb-ifb-desc\">Avant toute intervention, nous r\u00e9alisons une immersion sur site pour comprendre votre r\u00e9alit\u00e9 op\u00e9rationnelle.<br><br>Concr\u00e8tement, nous :<br><br>Observons une journ\u00e9e de fonctionnement (atelier \/ r\u00e9ception \/ flux \/ organisation)<br><br>Echangeons avec le responsable (enjeux, irritants, priorit\u00e9s)<br><br>Interrogeons les \u00e9quipes via des questionnaires courts (collaborateurs) pour \u201cprendre la temp\u00e9rature\u201d<br><br>R\u00e9sultat : une vision factuelle, terrain, sans interpr\u00e9tation \u201c\u00e0 distance\u201d.<\/p><\/div><\/div>\n\n\n\n<div class=\"wp-block-uagb-info-box uagb-block-cksqbeil uagb-infobox__content-wrap  uagb-infobox-icon-above-title uagb-infobox-image-valign-top\"><div class=\"uagb-ifb-content\"><div class=\"uagb-ifb-icon-wrap\"><svg xmlns=\"https:\/\/www.w3.org\/2000\/svg\" viewBox=\"0 0 448 512\"><path d=\"M438.6 105.4C451.1 117.9 451.1 138.1 438.6 150.6L182.6 406.6C170.1 419.1 149.9 419.1 137.4 406.6L9.372 278.6C-3.124 266.1-3.124 245.9 9.372 233.4C21.87 220.9 42.13 220.9 54.63 233.4L159.1 338.7L393.4 105.4C405.9 92.88 426.1 92.88 438.6 105.4H438.6z\"><\/path><\/svg><\/div><div class=\"uagb-ifb-title-wrap\"><h3 class=\"uagb-ifb-title\">Analyse et axes prioritaires<\/h3><\/div><p class=\"uagb-ifb-desc\">Nous structurons ensuite les constats pour identifier :<br><br>Vos points forts (\u00e0 consolider)<br><br>Les dysfonctionnements (\u00e0 corriger)<br><br>Les risques (s\u00e9curit\u00e9, qualit\u00e9, client, turnover)<br><br>Les leviers prioritaires (ce qui cr\u00e9e le plus d\u2019impact)<br><br>Objectif : \u00e9viter les plans d\u2019action trop larges et se concentrer sur l\u2019essentiel.<\/p><\/div><\/div>\n\n\n\n<div class=\"wp-block-uagb-info-box uagb-block-lmgspdxr uagb-infobox__content-wrap  uagb-infobox-icon-above-title uagb-infobox-image-valign-top\"><div class=\"uagb-ifb-content\"><div class=\"uagb-ifb-icon-wrap\"><svg xmlns=\"https:\/\/www.w3.org\/2000\/svg\" viewBox=\"0 0 448 512\"><path d=\"M438.6 105.4C451.1 117.9 451.1 138.1 438.6 150.6L182.6 406.6C170.1 419.1 149.9 419.1 137.4 406.6L9.372 278.6C-3.124 266.1-3.124 245.9 9.372 233.4C21.87 220.9 42.13 220.9 54.63 233.4L159.1 338.7L393.4 105.4C405.9 92.88 426.1 92.88 438.6 105.4H438.6z\"><\/path><\/svg><\/div><div class=\"uagb-ifb-title-wrap\"><h3 class=\"uagb-ifb-title\">Proposition sur mesure<\/h3><\/div><p class=\"uagb-ifb-desc\">Sur la base du diagnostic, nous construisons une proposition personnalis\u00e9e, adapt\u00e9e \u00e0 votre contexte, votre niveau et vos contraintes.<br><br>Selon vos besoins, cela peut inclure :<br>coaching terrain managers<br><br>Formation cibl\u00e9e (courte, concr\u00e8te, orient\u00e9e pratiques)<br><br>Ateliers d\u2019organisation et d\u2019am\u00e9lioration (type 5S, standards, routines)<br><br>Outils op\u00e9rationnels (checklists, routines management, standards atelier)<br><br>Ici, pas de \u201ccopier-coller\u201d : vous recevez un plan de travail taill\u00e9 pour votre site.<\/p><\/div><\/div>\n\n\n\n<div class=\"wp-block-uagb-info-box uagb-block-r74a1h4k uagb-infobox__content-wrap  uagb-infobox-icon-above-title uagb-infobox-image-valign-top\"><div class=\"uagb-ifb-content\"><div class=\"uagb-ifb-icon-wrap\"><svg xmlns=\"https:\/\/www.w3.org\/2000\/svg\" viewBox=\"0 0 448 512\"><path d=\"M438.6 105.4C451.1 117.9 451.1 138.1 438.6 150.6L182.6 406.6C170.1 419.1 149.9 419.1 137.4 406.6L9.372 278.6C-3.124 266.1-3.124 245.9 9.372 233.4C21.87 220.9 42.13 220.9 54.63 233.4L159.1 338.7L393.4 105.4C405.9 92.88 426.1 92.88 438.6 105.4H438.6z\"><\/path><\/svg><\/div><div class=\"uagb-ifb-title-wrap\"><h3 class=\"uagb-ifb-title\">Intervention + suivi<\/h3><\/div><p class=\"uagb-ifb-desc\">Nous intervenons, puis nous assurons un suivi d\u2019ancrage pour garantir que \u00e7a tient dans le temps :<br><br>Points de pilotage<br>ajustements<br>mesure des \u00e9volutions et des r\u00e9sultats<br><br>Accompagnement des managers sur la dur\u00e9e<br><br>Objectif : des changements visibles, durables, et adopt\u00e9s par les \u00e9quipes<\/p><\/div><\/div>\n<\/div>\n<\/div><\/div>\n","protected":false},"excerpt":{"rendered":"","protected":false},"author":1,"featured_media":0,"parent":0,"menu_order":0,"comment_status":"closed","ping_status":"closed","template":"","meta":{"_uag_custom_page_level_css":"","site-sidebar-layout":"default","site-content-layout":"","ast-site-content-layout":"default","site-content-style":"default","site-sidebar-style":"default","ast-global-header-display":"","ast-banner-title-visibility":"","ast-main-header-display":"","ast-hfb-above-header-display":"","ast-hfb-below-header-display":"","ast-hfb-mobile-header-display":"","site-post-title":"disabled","ast-breadcrumbs-content":"","ast-featured-img":"","footer-sml-layout":"","ast-disable-related-posts":"","theme-transparent-header-meta":"","adv-header-id-meta":"","stick-header-meta":"","header-above-stick-meta":"","header-main-stick-meta":"","header-below-stick-meta":"","astra-migrate-meta-layouts":"default","ast-page-background-enabled":"default","ast-page-background-meta":{"desktop":{"background-color":"var(--ast-global-color-5)","background-image":"","background-repeat":"repeat","background-position":"center center","background-size":"auto","background-attachment":"scroll","background-type":"","background-media":"","overlay-type":"","overlay-color":"","overlay-opacity":"","overlay-gradient":""},"tablet":{"background-color":"","background-image":"","background-repeat":"repeat","background-position":"center center","background-size":"auto","background-attachment":"scroll","background-type":"","background-media":"","overlay-type":"","overlay-color":"","overlay-opacity":"","overlay-gradient":""},"mobile":{"background-color":"","background-image":"","background-repeat":"repeat","background-position":"center center","background-size":"auto","background-attachment":"scroll","background-type":"","background-media":"","overlay-type":"","overlay-color":"","overlay-opacity":"","overlay-gradient":""}},"ast-content-background-meta":{"desktop":{"background-color":"var(--ast-global-color-4)","background-image":"","background-repeat":"repeat","background-position":"center center","background-size":"auto","background-attachment":"scroll","background-type":"","background-media":"","overlay-type":"","overlay-color":"","overlay-opacity":"","overlay-gradient":""},"tablet":{"background-color":"var(--ast-global-color-4)","background-image":"","background-repeat":"repeat","background-position":"center center","background-size":"auto","background-attachment":"scroll","background-type":"","background-media":"","overlay-type":"","overlay-color":"","overlay-opacity":"","overlay-gradient":""},"mobile":{"background-color":"var(--ast-global-color-4)","background-image":"","background-repeat":"repeat","background-position":"center center","background-size":"auto","background-attachment":"scroll","background-type":"","background-media":"","overlay-type":"","overlay-color":"","overlay-opacity":"","overlay-gradient":""}},"_kadence_starter_templates_imported_post":false,"footnotes":""},"class_list":["post-248","page","type-page","status-publish","hentry"],"uagb_featured_image_src":{"full":false,"thumbnail":false,"medium":false,"medium_large":false,"large":false,"1536x1536":false,"2048x2048":false},"uagb_author_info":{"display_name":"admin1069","author_link":"https:\/\/evolvecompetences.fr\/index.php\/author\/admin1069\/"},"uagb_comment_info":0,"uagb_excerpt":null,"_links":{"self":[{"href":"https:\/\/evolvecompetences.fr\/index.php\/wp-json\/wp\/v2\/pages\/248","targetHints":{"allow":["GET"]}}],"collection":[{"href":"https:\/\/evolvecompetences.fr\/index.php\/wp-json\/wp\/v2\/pages"}],"about":[{"href":"https:\/\/evolvecompetences.fr\/index.php\/wp-json\/wp\/v2\/types\/page"}],"author":[{"embeddable":true,"href":"https:\/\/evolvecompetences.fr\/index.php\/wp-json\/wp\/v2\/users\/1"}],"replies":[{"embeddable":true,"href":"https:\/\/evolvecompetences.fr\/index.php\/wp-json\/wp\/v2\/comments?post=248"}],"version-history":[{"count":8,"href":"https:\/\/evolvecompetences.fr\/index.php\/wp-json\/wp\/v2\/pages\/248\/revisions"}],"predecessor-version":[{"id":260,"href":"https:\/\/evolvecompetences.fr\/index.php\/wp-json\/wp\/v2\/pages\/248\/revisions\/260"}],"wp:attachment":[{"href":"https:\/\/evolvecompetences.fr\/index.php\/wp-json\/wp\/v2\/media?parent=248"}],"curies":[{"name":"wp","href":"https:\/\/api.w.org\/{rel}","templated":true}]}}